value of 4 + (-10 + 0 + -4 - -4)?
-6
Calculate -9 + (6 - (3 - 0)) + 2.
-4
Calculate 2 - (0 + (-4 - (1 + -3))).
4
Evaluate 2 - 3 - (3 - (-1 - -3)).
-2
Calculate -7 + 2 + -1 + 3 + 3.
0
What is (-1 + 4 - 5) + 1 + 1?
0
What is -5 + 10 + -18 + 9 + 1?
-3
What is (6 - 1) + -9 + 4?
0
What is -9 + 7 - ((-3 - 0) + 0)?
1
What is -14 + 1 - (2 + -25)?
10
What is the value of -9 + (10 - (6 + 5 + -9))?
-1
Calculate 1 - (6 + -18 + 8 + 5).
0
Calculate (-12 - -3 - 1) + 3 - -3.
-4
What is (3 - 3) + -3 + 2 + -2?
-3
Evaluate -1 + (-4 - -4) + 0 + 5.
4
-3 + 1 + -3 + (7 - 0)
2
Evaluate (3 - (-3 + 12)) + 2.
-4
What is 1 + (-3 - -11) - 1?
8
What is -1 + (-7 + 5 - -4) + -3?
-2
Evaluate 1 - -1 - (4 + 3).
-5
What is -7 + (9 - (10 - -1))?
-9
Evaluate -3 - (5 - (3 + 1 + -1)).
-5
What is the value of 8 + (6 + -1 - 9)?
4
Calculate (1 - -3) + (-6 - -6) + -4.
0
What is the value of -5 + (2 - 2) + (1 - 2)?
-6
(2 - 9 - -4) + 3
0
(-2 - -6) + (-9 - (2 - 14))
7
What is the value of -2 + 6 + (-17 - -11)?
-2
Calculate 1 + 2 + (1 - -3 - 8).
-1
(5 - 3 - 4) + -6 + 5
-3
What is the value of -1 - (-5 - (8 + -5)) - 3?
4
What is the value of 2 - ((18 - 6) + -6)?
-4
Calculate (-2 - 0) + -2 + 1.
-3
26 - 25 - (-1 + 3)
-1
-12 - (-8 + (6 - 4))
-6
What is the value of -19 + 4 - -22 - (0 - 0)?
7
What is -9 - -3 - -6 - 8?
-8
What is the value of 5 + -1 - (38 - 18 - 14)?
-2
Calculate -2 + 8 + (0 - 5).
1
What is the value of -4 + -1 + 21 + -17 + -2?
-3
Calculate -2 - (-6 + 4) - -4.
4
Calculate -54 + 48 - (0 + -7).
1
Evaluate -4 + (-6 - (6 + (6 - 23))).
1
(-8 - (-2 + -7)) + 2 + -1
2
Calculate 2 + 1 + 1 + -5.
-1
Calculate -4 + 6 + (-3 - -6).
5
Evaluate 5 + 0 + -2 + -2 + 1.
2
What is the value of 4 + -7 + -2 + 3?
-2
What is -1 - ((2 - 1) + (-3 - 0))?
1
What is -3 + -2 + 3 - (1 + 1)?
-4
Evaluate 6 - (12 - 13) - 9.
-2
30 - 31 - (4 - 0)
-5
What is the value of -1 - -2 - (8 + -2 + -2)?
-3
What is the value of (23 - 5) + -6 - 5?
7
Evaluate -3 + (10 - 8 - -10).
9
What is the value of -8 + -1 - (-61 - -46)?
6
What is -7 - -3 - (-2 - -2)?
-4
What is 0 + -18 + 7 + (4 - -2)?
-5
What is the value of 0 - (-36 - -37 - (0 - -5))?
4
Evaluate 3 + (4 - (3 - -5)).
-1
What is -14 + 16 - 8 - (-15 + 1)?
8
Evaluate (-2 - (-2 + -4)) + (4 - 3).
5
Evaluate (1 - 1 - (4 - 7)) + -1.
2
Evaluate 5 + 4 + -11 + 1 + -3.
-4
Calculate -4 + (-2 - -4 - 1) - -8.
5
-6 + -5 + 1 + -8 + 12
-6
Evaluate 9 + -7 + -6 - (0 + -10).
6
What is the value of 30 + -31 + (-9 - (3 - 4))?
-9
Calculate (-14 - -7 - -15) + -12 - -12.
8
What is 2 - (0 + -5 + 10 - 0)?
-3
Calculate 0 + -10 + -2 + 6 - -6.
0
What is the value of 7 + -13 - (-2 + -3)?
-1
What is 0 - (2 + -4 + 2 + -5)?
5
What is the value of 0 + -1 - (14 - 17) - 6?
-4
What is the value of 1 + 2 + 1 + -4?
0
What is -4 + 2 - (-6 + (-1 - -1))?
4
1 + -3 - (9 - (-2 - -6))
-7
What is the value of 4 + -4 - ((-3 - 6) + 4)?
5
(-6 - (5 + -14)) + -1
2
Evaluate -3 - (-4 - (1 - 4)) - -2.
0
Calculate -1 + 0 - (-14 + 4 + 4).
5
What is the value of -11 + 12 + (2 - 9)?
-6
Evaluate (21 - 19) + -8 + 1 - -2.
-3
(-2 - (8 + -4)) + 3
-3
What is (4 - 4) + -5 + (3 - -1)?
-1
What is the value of 0 - 4 - (-7 + -3 - -9)?
-3
Calculate (4 + 0 + -13 - -1) + 3.
-5
What is the value of 6 + 22 + -12 - 10?
6
Evaluate -6 - (6 - (12 - -1 - 6)).
-5
5 - (-1 + 4) - (-3 + 2)
3
Calculate 1 - -3 - (2 - (6 + -3)).
5
(3 - (2 + -4)) + -3 - 0
2
What is the value of 6 + 0 + -1 + (1 - 1)?
5
Evaluate -4 + (-1 + 1 - -3) + 0.
-1
What is the value of 0 + (-8 - -9 - 1)?
0
Evaluate 5 + -2 + -3 + (-5 - -4).
-1
What is (3 - -1) + 0 + -4?
0
Evaluate 2 + -3 + 7 + -8 + -1.
-3
What is 1 + (5 - (1 + 3))?
2
0 - ((1 - -3) + -3)
-1
Evaluate -3 + (2 - -2 - (1 + -2)).
2
Calculate 2 + -5 + (36 - 35).
-2
-13 + 6 + 0 + 7
0
-39 + 27 + 10 + -2
-4
What is the value of 3 + (-7 - -3) - -3?
2
What is -28 - -28 - (-3 + -1)?
4
What is (-1 - 4) + 9 - 4?
0
Calculate (3 - 2) + -4 + 4 + -4.
-3
What is 6 - (-2 - -19) - -5?
-6
Evaluate -6 + (-47 + 45 - (0 - 9)).
1
Evaluate 7 - 5 - (-2 + -4) - 6.
2
What is (0 - 0) + (5 - 4)?
1
Calculate (0 - 3) + 2 + -4.
-5
What is -42 + 47 + (1 - 4) + -2?
0
What is -33 - (-22 - -7) - (-9 + 1)?
-10
What is (11 + 5 - (-1 - -7)) + -5?
5
1 + (-7 - (6 - 10)) - -5
3
Evaluate 0 + (0 - (1 - (-1 - -1))).
-1
-52 - -63 - (0 + 12)
-1
Evaluate 4 - (5 - (-8 + 3) - -1).
-7
What is the value of 5 - (7 - (6 - (-7 + 7)))?
4
(-2 - -3) + (-5 - -2 - 0)
-2
-4 - 0 - (-4 + -10 + 5)
5
Calculate (1 - 3) + -6 + 2.
-6
Evaluate (-7 - (-11 - -10)) + 10.
4
What is 1 + 0 + -1 - 3 - -6?
3
Evaluate 6 + -7 + 3 + -4 + -3.
-5
What is the value of (-4 - 1) + -2 - -11?
4
What is -6 - (0 - (-6 - -7))?
-5
Evaluate 71 + -79 - (-2 - 5).
-1
Evaluate (4 - 2) + -2 + -3 - 2.
-5
Evaluate 2 - 4 - (19 - 19).
-2
Calculate 3 + -2 - (2 + 1).
-2
1 + 6 - (2 + 8 + -1)
-2
Evaluate 1 + 3 + -1 + 1.
4
Evaluate (4 - -1 - 9) + (6 - -2).
4
What is 5 + -9 + (12 - 1) + -6?
1
8 + -2 + 1 + 12 + -13
6
What is the value of -1 + -1 + -6 - (-3 - 0)?
-5
Evaluate (-2 - -5) + -1 + 4 + -6.
0
Calculate -9 - -6 - (2 - (1 + 0)).
-4
What is -10 + 1 + -4 + 7?
-6
What is the value of 2 + -5 + 6 + 0?
3
-11 + 4 + (-2 - -5)
-4
What is 3 - (1 - 3 - -3)?
2
Evaluate 1 + 2 + -1 - (12 - 11).
1
What is the value of (-13 - (-7 - -2)) + (3 - 0)?
-5
Calculate 42 + -45 - (2 + -10).
5
What is the value of (0 - -5) + (-2 - 1)?
2
1 - (3 - 3 - -3 - 3)
1
Calculate 10 + 2 + 9 + -18.
3
Evaluate -4 - 0 - (4 - 9 - -8).
-7
-3 - (0 + 3 - 1) - -3
-2
Evaluate -1 + -1 + (-4 - -5) - 0.
-1
-1 - -10 - (-42 - -46)
5
Calculate -12 - -14 - (1 - -4).
-3
What is the value of 0 - (1 + 9) - -3?
-7
Evaluate 24 + -17 - (6 + -2 - -1).
2
Evaluate -10 - (5 - (-9 + 33)).
9
Calculate -1 - -2 - (20 - 6 - 9).
-4
What is the value of -7 + (-4 - -7) + 8?
4
Evaluate (-3 - 1) + 4 - 4.
-4
What is -8 + 4 + 4 - (1 + -3)?
2
Evaluate -1 - -2 - 1 - (-192 + 194).
-2
What is the value of 2 + -5 - (6 + -5)?
-4
Calculate 8 - 5 - (-5 - -3).
5
What is (-3 - (-1 + 0)) + 1?
-1
Calculate -9 - (0 + (6 - 15)).
0
Evaluate 0 - (-2 - -11 - 3).
-6
Evaluate -11 + 2 + (-18 - -24).
-3
Evaluate 6 - (4 + -6 + (3 - -2)).
3
Calculate (1 - 2) + 0 + 11 + -8.
2
(-2 - (-1 - 1 - 3)) + 1
4
What is 3 - (4 + (-3 - 0))?
2
What is 4 - (8 - (4 + -3))?
-3
Calculate (0 - 1) + 11 - 12.
-2
Evaluate 2 - (-5 + 12) - (0 + -5).
0
Evaluate -5 + 1 - (-2 - 8 - -4).
2
What is the value of (-3 - -3) + (2 - -1)?
3
What is 6 + (0 - -7) + -8?
5
What is the value of 7 + 1 + 0 + -4?
4
Evaluate 4 + (-8 - (-3 + (3 - 3))).
-1
Evaluate 14 - 1 - (82 + -73).
4
What is the value of 10 - (5 + -3) - (-3 - -7)?
4
Calculate (-1 - (-5 - -3)) + 4.
5
14 - (-6 + 14) - 1
5
What is the value of -8 - -2 - (3 + -14)?
5
Calculate -17 - -26 - (-1 - -8).
2
What is 10 - (10 - (12 - 6))?
6
4 + 0 - (68 + -65)
1
Evaluate (4 - 0) + -2 + -1.
1
What is -8 - -12 - 9 - 0?
-5
Calculate 1 + -2 + 0 + (4 - -7).
10
What is 0 + (-8 - -3) + 3 + -1?
-3
What is the value of (8 - -1) + -13 + 0 + 1?
-3
What is the value of 0 - (-6 - (-6 + 2))?
2
What is 2 + (0 - 10) + (17 - 12)?
-3
What is 1 + (0 - -2 - (9 + -8))?
2
Calculate -1 - ((-6 - (5 - 18)) + -2).
-6
What is 0 - -3 - (8 - (7 + -1))?
1
What is 3 + -4 + 3 - (-2 - 1)?
5
2 - (-3 + 7 - 1)
-1
Evaluate (-7 + 6 - 0) + 2.
1
Calculate 1 + (-5 - (-1 + -1)).
-2
Calculate 5 - (5 + -3 + -3 - -4).
2
What is -5 + 0 + 8 + 0 + -3?
0
What is the value of -11 + -3 + 11 - (-9 - -2)?
4
What is 0 + (-3 - -4) + 0?
1
-3 + (-12 - -5) + 4 + -1
-7
Evaluate 0 + (2 + -7 - -2).
-3
Evaluate 5 - 3 - (2 - 3).
3
-1 - (-1 - 7) - 5
2
Calculate 5 + (-6 - -1) + 0.
0
What is the value of (-20 - -9) + (9 - 2 - 2)?
-6
What is -3 + 7 - (-3 - -10)?
-3
-1 + (-2 - -2 - -4)
3
What is the value of 4 + (0 - (-1 + 2)) - 6?
-3
Calculate 3 + -7 + -6 + 11.
1
Calculate (4 - 7) + 1 - -6.
4
Calculate 4 + (2 - 1) + -1.
4
What is the value of -1 - (-1 - 8 - -7)?
1
-2 - (1 + 0 + -2)
-1
What is the value of 40 + -47 - (0 + -11)?
4
-13 + 1 - 9 - -11
-10
Evaluate -6 + 6 - (0 - -4).
-4
What is 9 + (-6 - -7) - 15?
-5
What is the value of (-7 - -3 - -1) + 0?
-3
What is the value of 27 + (-2 - 11) + -3?
11
Evaluate -18 + 5 - (-10 - -2).
-5
Calculate -6 - (-2 + 3 + -5).
-2
3 - 11 - (-6 + 3)
-5
Evaluate 4 + (-15 - (-1 - 6)).
-4
Evaluate -5 - -15 - 8 - (1 + -1).
2
-6 - -6 - (-3 + (-3 - -2))
4
(-1 - 4 - (21 + -34)) + -6
2
Calculate 18 - 20 - ((0 - -2) + 1).
-5
Evaluate (-4 + 5 - -2) +